{"id":247,"date":"2024-04-12T10:45:57","date_gmt":"2024-04-12T10:45:57","guid":{"rendered":"https:\/\/kerepes.eu\/springer\/?post_type=cpt_services&#038;p=247"},"modified":"2024-05-24T12:45:25","modified_gmt":"2024-05-24T12:45:25","slug":"our-members","status":"publish","type":"cpt_services","link":"https:\/\/kerepes.eu\/springer\/services\/our-members\/","title":{"rendered":"K\u00e9pvisel\u0151jel\u00f6ltek"},"content":{"rendered":"<p>\u00cdme, a polg\u00e1rmesteri program c\u00e9lkit\u0171z\u00e9seinek \u00e1talak\u00edtott v\u00e1ltozata Kerepesre:<\/p>\n<p>&#8212;<\/p>\n<p>**Polg\u00e1rmesteri Program F\u0151 C\u00e9lkit\u0171z\u00e9sei:**<\/p>\n<p>**1. K\u00e9pvisel\u0151-test\u00fcleti Munkater\u00fclet:**<\/p>\n<p>&#8211; Tov\u00e1bbra is kiemelt c\u00e9lom a k\u00e9pvisel\u0151-test\u00fclet tagjaival val\u00f3 szoros munkakapcsolat fenntart\u00e1sa, hogy a teljes lakoss\u00e1got el\u00e9rhess\u00fck \u00e9s kapcsolatot tarthassunk vel\u00fck.<\/p>\n<p>&#8211; Az EU szubszidiarit\u00e1s alapelv\u00e9nek megfelel\u0151en fontosnak tartom a helyi civil szervezetek akt\u00edv bevon\u00e1s\u00e1t a d\u00f6nt\u00e9shozatali folyamatokba, \u00e9s t\u00e1mogat\u00e1st biztos\u00edtok sz\u00e1mukra.<\/p>\n<p>&#8211; Az egy\u00fcttm\u0171k\u00f6d\u00e9s \u00e9s az inform\u00e1ci\u00f3\u00e1raml\u00e1s fokoz\u00e1sa \u00e9rdek\u00e9ben elektronikus kommunik\u00e1ci\u00f3t \u00e9s azonnali inform\u00e1ci\u00f3\u00e1tad\u00e1st biztos\u00edtok a k\u00e9pvisel\u0151-test\u00fclet tagjai sz\u00e1m\u00e1ra.<\/p>\n<p>&#8211; A lakoss\u00e1got folyamatosan t\u00e1j\u00e9koztatom az \u00f6nkorm\u00e1nyzati \u00e9s hat\u00f3s\u00e1gi feladatokr\u00f3l, hogy tiszt\u00e1ban legyenek azzal, hogy kivel \u00e9s hova fordulhatnak probl\u00e9m\u00e1ikkal.<\/p>\n<p>**2. Eg\u00e9szs\u00e9g\u00fcgyi \u00e9s Szoci\u00e1lis Ell\u00e1t\u00e1sok:**<\/p>\n<p>&#8211; Az elm\u00falt ciklusban el\u00e9rt eredm\u00e9nyekre \u00e9p\u00edtve tov\u00e1bbfejlesztj\u00fck az eg\u00e9szs\u00e9g\u00fcgyi \u00e9s szoci\u00e1lis ell\u00e1t\u00e1sokat. C\u00e9lunk az \u00e1lland\u00f3 fogorvosi ell\u00e1t\u00e1s biztos\u00edt\u00e1sa \u00e9s az eg\u00e9szs\u00e9g\u00fcgyi infrastrukt\u00fara fejleszt\u00e9se, k\u00fcl\u00f6n\u00f6s tekintettel a fog\u00e1szati ell\u00e1t\u00e1sra.<\/p>\n<p>&#8211; A k\u00f6zponti orvosi \u00fcgyeleti ell\u00e1t\u00e1s sz\u00ednvonalas m\u0171k\u00f6dtet\u00e9se \u00e9rdek\u00e9ben szorosan egy\u00fcttm\u0171k\u00f6d\u00fcnk a j\u00e1r\u00e1s \u00f6nkorm\u00e1nyzataival.<\/p>\n<p>&#8211; A sz\u0171r\u0151programok rendszeress\u00e9g\u00e9nek n\u00f6vel\u00e9se \u00e9s a telep\u00fcl\u00e9si eg\u00e9szs\u00e9gterv megalkot\u00e1sa \u00e9s megval\u00f3s\u00edt\u00e1sa priorit\u00e1sok k\u00f6z\u00f6tt szerepel.<\/p>\n<p>&#8211; A szoci\u00e1lis ell\u00e1t\u00e1si feladatokban kiemelt figyelmet ford\u00edtunk az id\u0151sek \u00e9s r\u00e1szorul\u00f3k szabadid\u0151 elt\u00f6lt\u00e9si lehet\u0151s\u00e9geinek biztos\u00edt\u00e1s\u00e1ra, valamint a r\u00e1szorultak gondoz\u00e1s\u00e1nak \u00e9s t\u00e1mogat\u00e1s\u00e1nak fokoz\u00e1s\u00e1ra.<\/p>\n<p>&#8212;<\/p>\n<blockquote><p>Nek\u00fcnk Kerepes az els\u0151!<br \/>\n<cite>Springer Friedrich<\/cite><\/p><\/blockquote>\n","protected":false},"excerpt":{"rendered":"<p>Nem hagyom\u00e1nyos elavult r\u00e9gim\u00f3di m\u00f3dszereink vannak, \u00e9s ez\u00e9rt is, mi arra k\u00e9r\u00fcnk fel minden kerepesi polg\u00e1rt, hogy vegyen r\u00e9szt a v\u00e1laszt\u00e1sokon.<\/p>\n","protected":false},"author":1,"featured_media":2245,"comment_status":"open","ping_status":"closed","template":"","class_list":["post-247","cpt_services","type-cpt_services","status-publish","has-post-thumbnail","hentry","cpt_services_group-our-services","cpt_services_group-take-action","cpt_services_group-explore-my-vision-on","cpt_services_group-our-mission","cpt_services_group-main-mission"],"_links":{"self":[{"href":"https:\/\/kerepes.eu\/springer\/wp-json\/wp\/v2\/cpt_services\/247","targetHints":{"allow":["GET"]}}],"collection":[{"href":"https:\/\/kerepes.eu\/springer\/wp-json\/wp\/v2\/cpt_services"}],"about":[{"href":"https:\/\/kerepes.eu\/springer\/wp-json\/wp\/v2\/types\/cpt_services"}],"author":[{"embeddable":true,"href":"https:\/\/kerepes.eu\/springer\/wp-json\/wp\/v2\/users\/1"}],"replies":[{"embeddable":true,"href":"https:\/\/kerepes.eu\/springer\/wp-json\/wp\/v2\/comments?post=247"}],"wp:featuredmedia":[{"embeddable":true,"href":"https:\/\/kerepes.eu\/springer\/wp-json\/wp\/v2\/media\/2245"}],"wp:attachment":[{"href":"https:\/\/kerepes.eu\/springer\/wp-json\/wp\/v2\/media?parent=247"}],"curies":[{"name":"wp","href":"https:\/\/api.w.org\/{rel}","templated":true}]}}

Képviselőjelöltek

<p>Íme, a polgármesteri program célkitűzéseinek átalakított változata Kerepesre:</p>
<p>&#8212;</p>
<p>**Polgármesteri Program Fő Célkitűzései:**</p>
<p>**1. Képviselő-testületi Munkaterület:**</p>
<p>&#8211; Továbbra is kiemelt célom a képviselő-testület tagjaival való szoros munkakapcsolat fenntartása, hogy a teljes lakosságot elérhessük és kapcsolatot tarthassunk velük.</p>
<p>&#8211; Az EU szubszidiaritás alapelvének megfelelően fontosnak tartom a helyi civil szervezetek aktív bevonását a döntéshozatali folyamatokba, és támogatást biztosítok számukra.</p>
<p>&#8211; Az együttműködés és az információáramlás fokozása érdekében elektronikus kommunikációt és azonnali információátadást biztosítok a képviselő-testület tagjai számára.</p>
<p>&#8211; A lakosságot folyamatosan tájékoztatom az önkormányzati és hatósági feladatokról, hogy tisztában legyenek azzal, hogy kivel és hova fordulhatnak problémáikkal.</p>
<p>**2. Egészségügyi és Szociális Ellátások:**</p>
<p>&#8211; Az elmúlt ciklusban elért eredményekre építve továbbfejlesztjük az egészségügyi és szociális ellátásokat. Célunk az állandó fogorvosi ellátás biztosítása és az egészségügyi infrastruktúra fejlesztése, különös tekintettel a fogászati ellátásra.</p>
<p>&#8211; A központi orvosi ügyeleti ellátás színvonalas működtetése érdekében szorosan együttműködünk a járás önkormányzataival.</p>
<p>&#8211; A szűrőprogramok rendszerességének növelése és a települési egészségterv megalkotása és megvalósítása prioritások között szerepel.</p>
<p>&#8211; A szociális ellátási feladatokban kiemelt figyelmet fordítunk az idősek és rászorulók szabadidő eltöltési lehetőségeinek biztosítására, valamint a rászorultak gondozásának és támogatásának fokozására.</p>
<p>&#8212;</p>
<blockquote><p>Nekünk Kerepes az első!<br />
<cite>Springer Friedrich</cite></p></blockquote>

<p>Nem hagyományos elavult régimódi módszereink vannak, és ezért is, mi arra kérünk fel minden kerepesi polgárt, hogy vegyen részt a választásokon.</p>
