{"id":234,"date":"2017-12-11T15:35:11","date_gmt":"2017-12-11T15:35:11","guid":{"rendered":"https:\/\/kerepes.eu\/springer\/?post_type=cpt_team&#038;p=234"},"modified":"2024-05-16T09:41:50","modified_gmt":"2024-05-16T09:41:50","slug":"fanni_0","status":"publish","type":"cpt_team","link":"https:\/\/kerepes.eu\/springer\/team\/fanni_0\/","title":{"rendered":"Porubcs\u00e1nszky Fanni"},"content":{"rendered":"<p>Seg\u00edt\u0151k \u00e9s t\u00e1mogat\u00f3k, szak\u00e9rt\u0151k n\u00e9lk\u00fcl nincs eredm\u00e9nyes munka!<\/p>\n<p>Bemutatkoz\u00e1s:<\/p>\n<p>Porubcs\u00e1nszki Fanni vagyok k\u00e9t gyermekes \u00e9desanya , 28 \u00e9ve \u00e9lek Szilasligeten, itt n\u0151tem fel \u00e9s jelenleg is itt tart az \u00e9letem \u00e9s rem\u00e9lj\u00fck itt is t\u00f6lthetem az id\u0151s koromat. Eml\u00e9kszem gyerekkorom sz\u00fcl\u0151i &#8222;nem f\u00e9lt\u00e9s\u00e9re &#8221; \u00e9rtem itt azt amit ma m\u00e1r sok fiatal nem \u00e9lhet \u00e1t &#8221; mire fel kapcsol a l\u00e1mpa \u00e9rj haza &#8221; . Sz\u00e1mos eml\u00e9ket mes\u00e9lhetn\u00e9k de nem a j\u00f6v\u0151be szeretn\u00e9k tekinteni, szeretn\u00e9m ha a a fiatalok is \u00e1t \u00e9lhetn\u00e9k ezt az \u00e9rz\u00e9st \u00e9s nem csak m\u00e1sok eml\u00e9keiben hallan\u00e1k . Szomor\u00fa volt sz\u00e1momra mikor a l\u00e1nyom megk\u00e9rdezett arr\u00f3l , hogy milyen volt az \u00e9n gyerekkorom \u00e9s mes\u00e9l\u00e9s k\u00f6zepette azt mondta nekem &#8221; k\u00e1r, hogy nem lehettem ott &#8221; . Szeretn\u00e9m ha mindenki meg tal\u00e1ln\u00e1 hely\u00e9t a &#8221; v\u00e1rosunkban &#8221; \u00e9s szeretn\u00e9m ha nem id\u00e9z\u0151jeles v\u00e1ros lehetn\u00e9nk. A Probl\u00e9m\u00e1kat \u00fagy gondolom nem kell egyt\u0151l egyig ki fejtenem hiszen mint l\u00e1tjuk, halljuk, \u00e9rezz\u00fck a k\u00f6r\u00fcl\u00f6tt\u00fcnk l\u00e9v\u0151 zajokat .<\/p>\n<p>Szeretn\u00e9m megk\u00e9rni m\u00e9lyen tisztelt v\u00e1laszt\u00f3kat, hogy b\u00edzzanak csapatunk tud\u00e1s\u00e1ban , szak\u00e9rtelm\u00e9ben , \u00f6sszetart\u00e1s\u00e1ban \u00e9s higgy\u00e9k el nek\u00fcnk , hogy k\u00f6z\u00f6sen egy\u00fctt meg tudjuk val\u00f3s\u00edtani az \u00f6sszefog\u00e1st a probl\u00e9m\u00e1k megold\u00e1s\u00e1t. Mutassuk meg, hogy a mese nem csak mese hanem val\u00f3s\u00e1g.<\/p>\n<p>Tisztelt Kerepesi V\u00e1laszt\u00f3polg\u00e1rok!<\/p>\n<p>Szeretettel fordulok minden kedves v\u00e1laszt\u00f3hoz azzal a k\u00e9r\u00e9ssel, hogy b\u00edzzanak meg csapatunkban \u00e9s annak tagjai tud\u00e1s\u00e1ban, szak\u00e9rtelm\u00e9ben. Fontos sz\u00e1munkra, hogy \u00e9rz\u00e9kelj\u00e9k csapatunk er\u0151s \u00f6sszetart\u00e1s\u00e1t, \u00e9s higgy\u00e9k el, hogy k\u00e9pesek vagyunk k\u00f6z\u00f6sen, egy\u00fctt megoldani a kih\u00edv\u00e1sokat, probl\u00e9m\u00e1kat. Hiszem, hogy az \u00f6sszefog\u00e1s erej\u00e9vel val\u00f3s\u00e1gg\u00e1 tudjuk tenni azt, ami sokak sz\u00e1m\u00e1ra tal\u00e1n csak mes\u00e9nek t\u0171nik. Bizalmuk \u00e9s t\u00e1mogat\u00e1suk sz\u00fcks\u00e9ges a sikerhez.<\/p>\n<p>Mi\u00e9rt Springer Friedrich?<\/p>\n<p>A v\u00e1laszt\u00e1sok k\u00f6zeledt\u00e9vel fontos m\u00e9rlegeln\u00fcnk , hogy kinek adjuk le szavazatunk \u00e9s ki legyen a k\u00f6vetkez\u0151 4,5 \u00e9v polg\u00e1rmestere , a v\u00e1rosunk j\u00f6v\u0151je \u00e9rdek\u00e9ben .<\/p>\n<p>Springer Friedrich m\u00e1r t\u00edzen plusz \u00e9ve tev\u00e9kenykedik k\u00f6z\u00f6ss\u00e9g\u00fcnk \u00e9let\u00e9ben . Alaposan megismerte probl\u00e9m\u00e1it \u00e9s ig\u00e9nyeit . Jean-Jacques egykor azt mondta :&#8221; a politikai hatalom igazi forr\u00e1sa mindig a n\u00e9p lesz .&#8221; Ez az id\u00e9zet t\u00f6k\u00e9letesen t\u00fckr\u00f6zi jel\u00f6lteink hozz\u00e1\u00e1ll\u00e1s\u00e1t . Springer Friedrich aki \u00e9vtizedes tapasztalat\u00e1val \u00e9s elhivatotts\u00e1g\u00e1val k\u00e9pzett\u00e9 v\u00e1lt abban , hogy felismerje a hib\u00e1kat \u00e9s megfogalmazza a &#8221; falub\u00f3l&#8221; egy vir\u00e1gz\u00f3 v\u00e1ros fejleszt\u00e9si v\u00edzi\u00f3j\u00e1t. Ezenk\u00edv\u00fcl kiemelt c\u00e9lja a lakoss\u00e1g akt\u00edv bevon\u00e1sa \u00e9s meggy\u0151z\u00e9se arr\u00f3l , hogy k\u00f6z\u00f6s er\u0151vel val\u00f3s\u00e1gos v\u00e1ltoz\u00e1st \u00e9rhet\u00fcnk el . Mahatma Gandhi h\u00edres mond\u00e1sa ,<br \/>\n&#8221; L\u00e9gy te a v\u00e1ltoz\u00e1s, ami a vil\u00e1gban l\u00e1tni szeretn\u00e9l ,&#8221; Hisz abban , hogy strat\u00e9giai l\u00e9p\u00e9sekkel \u00e9s az emberek bevon\u00e1s\u00e1val l\u00e9p\u00e9sr\u0151l &#8211; l\u00e9p\u00e9sre , t\u00e9gl\u00e1r\u00f3l- t\u00e9gl\u00e1ra egy biztons\u00e1gos Kerepest tudunk l\u00e9trehozni.<\/p>\n","protected":false},"excerpt":{"rendered":"<p>Seg\u00edt\u0151k \u00e9s t\u00e1mogat\u00f3k, szak\u00e9rt\u0151k n\u00e9lk\u00fcl nincs eredm\u00e9nyes munka! Bemutatkoz\u00e1s: Porubcs\u00e1nszki Fanni vagyok k\u00e9t gyermekes \u00e9desanya , 28 \u00e9ve \u00e9lek Szilasligeten, itt n\u0151tem fel \u00e9s jelenleg is itt tart az \u00e9letem \u00e9s rem\u00e9lj\u00fck itt is t\u00f6lthetem az id\u0151s koromat. Eml\u00e9kszem gyerekkorom sz\u00fcl\u0151i &#8222;nem f\u00e9lt\u00e9s\u00e9re &#8221; \u00e9rtem itt azt amit ma m\u00e1r sok fiatal nem \u00e9lhet \u00e1t &#8221; mire fel kapcsol a&hellip;<\/p>\n","protected":false},"author":1,"featured_media":2348,"comment_status":"closed","ping_status":"closed","template":"","class_list":["post-234","cpt_team","type-cpt_team","status-publish","has-post-thumbnail","hentry"],"_links":{"self":[{"href":"https:\/\/kerepes.eu\/springer\/wp-json\/wp\/v2\/cpt_team\/234","targetHints":{"allow":["GET"]}}],"collection":[{"href":"https:\/\/kerepes.eu\/springer\/wp-json\/wp\/v2\/cpt_team"}],"about":[{"href":"https:\/\/kerepes.eu\/springer\/wp-json\/wp\/v2\/types\/cpt_team"}],"author":[{"embeddable":true,"href":"https:\/\/kerepes.eu\/springer\/wp-json\/wp\/v2\/users\/1"}],"replies":[{"embeddable":true,"href":"https:\/\/kerepes.eu\/springer\/wp-json\/wp\/v2\/comments?post=234"}],"wp:featuredmedia":[{"embeddable":true,"href":"https:\/\/kerepes.eu\/springer\/wp-json\/wp\/v2\/media\/2348"}],"wp:attachment":[{"href":"https:\/\/kerepes.eu\/springer\/wp-json\/wp\/v2\/media?parent=234"}],"curies":[{"name":"wp","href":"https:\/\/api.w.org\/{rel}","templated":true}]}}

Porubcsánszky Fanni

<p>Segítők és támogatók, szakértők nélkül nincs eredményes munka!</p>
<p>Bemutatkozás:</p>
<p>Porubcsánszki Fanni vagyok két gyermekes édesanya , 28 éve élek Szilasligeten, itt nőtem fel és jelenleg is itt tart az életem és reméljük itt is tölthetem az idős koromat. Emlékszem gyerekkorom szülői &#8222;nem féltésére &#8221; értem itt azt amit ma már sok fiatal nem élhet át &#8221; mire fel kapcsol a lámpa érj haza &#8221; . Számos emléket mesélhetnék de nem a jövőbe szeretnék tekinteni, szeretném ha a a fiatalok is át élhetnék ezt az érzést és nem csak mások emlékeiben hallanák . Szomorú volt számomra mikor a lányom megkérdezett arról , hogy milyen volt az én gyerekkorom és mesélés közepette azt mondta nekem &#8221; kár, hogy nem lehettem ott &#8221; . Szeretném ha mindenki meg találná helyét a &#8221; városunkban &#8221; és szeretném ha nem idézőjeles város lehetnénk. A Problémákat úgy gondolom nem kell egytől egyig ki fejtenem hiszen mint látjuk, halljuk, érezzük a körülöttünk lévő zajokat .</p>
<p>Szeretném megkérni mélyen tisztelt választókat, hogy bízzanak csapatunk tudásában , szakértelmében , összetartásában és higgyék el nekünk , hogy közösen együtt meg tudjuk valósítani az összefogást a problémák megoldását. Mutassuk meg, hogy a mese nem csak mese hanem valóság.</p>
<p>Tisztelt Kerepesi Választópolgárok!</p>
<p>Szeretettel fordulok minden kedves választóhoz azzal a kéréssel, hogy bízzanak meg csapatunkban és annak tagjai tudásában, szakértelmében. Fontos számunkra, hogy érzékeljék csapatunk erős összetartását, és higgyék el, hogy képesek vagyunk közösen, együtt megoldani a kihívásokat, problémákat. Hiszem, hogy az összefogás erejével valósággá tudjuk tenni azt, ami sokak számára talán csak mesének tűnik. Bizalmuk és támogatásuk szükséges a sikerhez.</p>
<p>Miért Springer Friedrich?</p>
<p>A választások közeledtével fontos mérlegelnünk , hogy kinek adjuk le szavazatunk és ki legyen a következő 4,5 év polgármestere , a városunk jövője érdekében .</p>
<p>Springer Friedrich már tízen plusz éve tevékenykedik közösségünk életében . Alaposan megismerte problémáit és igényeit . Jean-Jacques egykor azt mondta :&#8221; a politikai hatalom igazi forrása mindig a nép lesz .&#8221; Ez az idézet tökéletesen tükrözi jelölteink hozzáállását . Springer Friedrich aki évtizedes tapasztalatával és elhivatottságával képzetté vált abban , hogy felismerje a hibákat és megfogalmazza a &#8221; faluból&#8221; egy virágzó város fejlesztési vízióját. Ezenkívül kiemelt célja a lakosság aktív bevonása és meggyőzése arról , hogy közös erővel valóságos változást érhetünk el . Mahatma Gandhi híres mondása ,<br />
&#8221; Légy te a változás, ami a világban látni szeretnél ,&#8221; Hisz abban , hogy stratégiai lépésekkel és az emberek bevonásával lépésről &#8211; lépésre , tégláról- téglára egy biztonságos Kerepest tudunk létrehozni.</p>

<p>Segítők és támogatók, szakértők nélkül nincs eredményes munka! Bemutatkozás: Porubcsánszki Fanni vagyok két gyermekes édesanya , 28 éve élek Szilasligeten, itt nőtem fel és jelenleg is itt tart az életem és reméljük itt is tölthetem az idős koromat. Emlékszem gyerekkorom szülői &#8222;nem féltésére &#8221; értem itt azt amit ma már sok fiatal nem élhet át &#8221; mire fel kapcsol a&hellip;</p>
